{"id":743,"date":"2023-04-06T18:28:52","date_gmt":"2023-04-06T18:28:52","guid":{"rendered":"https:\/\/maatilasiuntiossa.fi\/?page_id=743"},"modified":"2024-11-22T13:24:21","modified_gmt":"2024-11-22T13:24:21","slug":"purkutyot","status":"publish","type":"page","link":"https:\/\/maatilasiuntiossa.fi\/?page_id=743","title":{"rendered":"Purkuty\u00f6t"},"content":{"rendered":"\n<h3 class=\"wp-block-heading has-text-align-center\">Toteutamme kokonaisvaltaisia purku-urakoita sis\u00e4ll\u00e4 ja ulkona<\/h3>\n\n\n\n<p class=\"has-text-align-center\">Purkuty\u00f6t ovat prosessi, joka sis\u00e4lt\u00e4\u00e4 rakenteiden tai rakennusten purkamisen, jotta uusia rakenteita voidaan rakentaa tai tilaa voidaan k\u00e4ytt\u00e4\u00e4 uudelleen. Purkuty\u00f6t voivat olla suuria ja monimutkaisia projekteja, ja ne vaativat huolellista suunnittelua ja toteutusta, jotta ne voidaan suorittaa turvallisesti ja tehokkaasti.<\/p>\n\n\n\n<div class=\"alignnormal\"><div id=\"metaslider-id-1121\" style=\"width: 100%;\" class=\"ml-slider-3-107-0 metaslider metaslider-flex metaslider-1121 ml-slider has-dots-nav ms-theme-default-base\" role=\"region\" aria-label=\"Pienet ja keskisuuret purkuty\u00f6t\" data-height=\"300\" data-width=\"700\">\n    <div id=\"metaslider_container_1121\">\n        <div id=\"metaslider_1121\">\n            <ul class='slides'>\n                <li style=\"display: block; width: 100%;\" class=\"slide-1122 ms-image \" aria-roledescription=\"slide\" data-date=\"2024-11-22 13:14:55\" data-filename=\"IMG_5638-640x274.jpg\" data-slide-type=\"image\"><img loading=\"lazy\" decoding=\"async\" src=\"https:\/\/maatilasiuntiossa.fi\/wp-content\/uploads\/2024\/11\/IMG_5638-640x274.jpg\" height=\"300\" width=\"700\" alt=\"Betonilattian piikkausty\u00f6t siuntio, lohja, kirkkonummi, inkoo, espoo\" class=\"slider-1121 slide-1122 msDefaultImage\" title=\"Vanhan lattian piikkaus\" \/><div class=\"caption-wrap\"><div class=\"caption\"><div>Vanhan lattian purkuty\u00f6t murtovasaralla<\/div><\/div><\/div><\/li>\n                <li style=\"display: none; width: 100%;\" class=\"slide-1123 ms-image \" aria-roledescription=\"slide\" data-date=\"2024-11-22 13:16:13\" data-filename=\"IMG_5662-640x274.jpg\" data-slide-type=\"image\"><img loading=\"lazy\" decoding=\"async\" src=\"https:\/\/maatilasiuntiossa.fi\/wp-content\/uploads\/2024\/11\/IMG_5662-640x274.jpg\" height=\"300\" width=\"700\" alt=\"Pienkuormausty\u00f6t, maanrakennusty\u00f6t, pienkaivinkoneen vuokraus, siuntio, lohja, kirkkonummi, inkoo\" class=\"slider-1121 slide-1123 msDefaultImage\" title=\"Pienkuormain\" \/><div class=\"caption-wrap\"><div class=\"caption\">Pienkuormain purkut\u00f6iss\u00e4<\/div><\/div><\/li>\n                <li style=\"display: none; width: 100%;\" class=\"slide-1124 ms-image \" aria-roledescription=\"slide\" data-date=\"2024-11-22 13:17:00\" data-filename=\"IMG_8199-rotated-480x205.jpg\" data-slide-type=\"image\"><img loading=\"lazy\" decoding=\"async\" src=\"https:\/\/maatilasiuntiossa.fi\/wp-content\/uploads\/2024\/11\/IMG_8199-rotated-480x205.jpg\" height=\"300\" width=\"700\" alt=\"Kylpyhuoneen purkaminen, asbestipurku, asbestin\u00e4ytteet, haitta-ainekartoitus, rakennus-ja purkupalvelut, Siuntio, Kirkkonummi, Espoo, Lohja, Inkoo\" class=\"slider-1121 slide-1124 msDefaultImage\" title=\"Kylpyhuoneen purku\" \/><div class=\"caption-wrap\"><div class=\"caption\">Kylpyhuoneen ja lattiakaivon purku<\/div><\/div><\/li>\n                <li style=\"display: none; width: 100%;\" class=\"slide-1125 ms-image \" aria-roledescription=\"slide\" data-date=\"2024-11-22 13:17:36\" data-filename=\"IMG_4501-rotated-480x205.jpg\" data-slide-type=\"image\"><img loading=\"lazy\" decoding=\"async\" src=\"https:\/\/maatilasiuntiossa.fi\/wp-content\/uploads\/2024\/11\/IMG_4501-rotated-480x205.jpg\" height=\"300\" width=\"700\" alt=\"Ongelmakiven poisto, Kiven halkaisu, kiven poiskuljetus, kivity\u00f6t, Siuntio, Kirkkonummi, Lohja, Espoo\" class=\"slider-1121 slide-1125 msDefaultImage\" title=\"Ongelmakivi\" \/><div class=\"caption-wrap\"><div class=\"caption\">Ongelmakiven halkaisu kiilamenetelm\u00e4ll\u00e4<\/div><\/div><\/li>\n                <li style=\"display: none; width: 100%;\" class=\"slide-1126 ms-image \" aria-roledescription=\"slide\" data-date=\"2024-11-22 13:18:17\" data-filename=\"IMG_0661-rotated-480x205.jpg\" data-slide-type=\"image\"><img loading=\"lazy\" decoding=\"async\" src=\"https:\/\/maatilasiuntiossa.fi\/wp-content\/uploads\/2024\/11\/IMG_0661-rotated-480x205.jpg\" height=\"300\" width=\"700\" alt=\"Traktori ja kaivinkonety\u00f6t, maanrakennus, purkuty\u00f6, Siuntio, Inkoo, Kirkkonummi, Lohja, Espoo\" class=\"slider-1121 slide-1126 msDefaultImage\" title=\"Hirsitalon purku\" \/><div class=\"caption-wrap\"><div class=\"caption\"><div>Hirsitalojen purku-urakat ja tontin siivous<\/div><\/div><\/div><\/li>\n                <li style=\"display: none; width: 100%;\" class=\"slide-1127 ms-image \" aria-roledescription=\"slide\" data-date=\"2024-11-22 13:19:15\" data-filename=\"F4F6D867-8949-445C-BB36-CED26B3343B1-rotated-360x154.jpg\" data-slide-type=\"image\"><img loading=\"lazy\" decoding=\"async\" src=\"https:\/\/maatilasiuntiossa.fi\/wp-content\/uploads\/2024\/11\/F4F6D867-8949-445C-BB36-CED26B3343B1-rotated-360x154.jpg\" height=\"300\" width=\"700\" alt=\"Kierr\u00e4tys, kestopuutolppien h\u00e4vitys,\" class=\"slider-1121 slide-1127 msDefaultImage\" title=\"Vanhan aidan purkuty\u00f6\" \/><div class=\"caption-wrap\"><div class=\"caption\"><div>Aitojen purku-urakka<\/div><\/div><\/div><\/li>\n                <li style=\"display: none; width: 100%;\" class=\"slide-1128 ms-image \" aria-roledescription=\"slide\" data-date=\"2024-11-22 13:19:44\" data-filename=\"IMG_6555-rotated-480x205.jpg\" data-slide-type=\"image\"><img loading=\"lazy\" decoding=\"async\" src=\"https:\/\/maatilasiuntiossa.fi\/wp-content\/uploads\/2024\/11\/IMG_6555-rotated-480x205.jpg\" height=\"300\" width=\"700\" alt=\"Viherrakentaminen ja ty\u00f6maan siistiminen, loppusiivous\" class=\"slider-1121 slide-1128 msDefaultImage\" title=\"Ty\u00f6auto p\u00e4iv\u00e4n p\u00e4\u00e4tteeksi\" \/><\/li>\n                <li style=\"display: none; width: 100%;\" class=\"slide-1129 ms-image \" aria-roledescription=\"slide\" data-date=\"2024-11-22 13:20:23\" data-filename=\"IMG_5778-rotated-700x300.jpg\" data-slide-type=\"image\"><img loading=\"lazy\" decoding=\"async\" src=\"https:\/\/maatilasiuntiossa.fi\/wp-content\/uploads\/2024\/11\/IMG_5778-rotated-700x300.jpg\" height=\"300\" width=\"700\" alt=\"Betonin purku, Betonin piikkaus\" class=\"slider-1121 slide-1129 msDefaultImage\" title=\"Purkuty\u00f6t\" \/><div class=\"caption-wrap\"><div class=\"caption\">Betonilattian purkuty\u00f6<\/div><\/div><\/li>\n                <li style=\"display: none; width: 100%;\" class=\"slide-1130 ms-image \" aria-roledescription=\"slide\" data-date=\"2024-11-22 13:21:51\" data-filename=\"IMG_2281-rotated-480x205.jpg\" data-slide-type=\"image\"><img loading=\"lazy\" decoding=\"async\" src=\"https:\/\/maatilasiuntiossa.fi\/wp-content\/uploads\/2024\/11\/IMG_2281-rotated-480x205.jpg\" height=\"300\" width=\"700\" alt=\"Pienkaivinkoneen vuokraus, pienkaivinkoneen kuljettaminen, kaivuukoneen vuokraus, pienet kaivuuty\u00f6t, Siuntio, Kirkkonummi, Lohja, Espoo, Inkoo, taloyhti\u00f6apu, taloyhti\u00f6iden huolto\" class=\"slider-1121 slide-1130 msDefaultImage\" title=\"Pienkaivinkone\" \/><div class=\"caption-wrap\"><div class=\"caption\"><div>Pienkaivinkoneemme mahtuu pieneenkin tilaan<\/div><\/div><\/div><\/li>\n            <\/ul>\n        <\/div>\n        \n    <\/div>\n<\/div><\/div>\n\n\n\n<p class=\"has-text-align-center\">Purkuty\u00f6t voivat k\u00e4sitt\u00e4\u00e4 kaiken, rakennuksen purkamisesta maanpinnan tasolle tai vain tietyn osan poistamisesta. T\u00e4m\u00e4 voi sis\u00e4lt\u00e4\u00e4 esimerkiksi seinien, katon, lattian ja pylv\u00e4iden purkamisen. Rakenteiden purkaminen voi olla tarpeen, jos rakennus on turvallisuusriski, rakennus on vanhentunut tai uusien rakenteiden rakentaminen vaatii tilan vapauttamista.<\/p>\n\n\n\n<h3 class=\"wp-block-heading has-text-align-center\">Ennen purkuty\u00f6n aloittamista on t\u00e4rke\u00e4\u00e4 suunnitella ja valmistella ty\u00f6 huolellisesti. <\/h3>\n\n\n\n<p class=\"has-text-align-center\">Purkut\u00f6iden suunnittelussa on otettava huomioon monet tekij\u00e4t, kuten rakennuksen rakenne, sen kunto ja ymp\u00e4r\u00f6iv\u00e4n alueen turvallisuus. Purkuty\u00f6ss\u00e4 on my\u00f6s noudatettava tiukkoja turvallisuusm\u00e4\u00e4r\u00e4yksi\u00e4 ja k\u00e4ytett\u00e4v\u00e4 asianmukaisia ty\u00f6kaluja ja varusteita.<\/p>\n\n\n\n<h3 class=\"wp-block-heading has-text-align-center\">Purkuty\u00f6n j\u00e4lkeen on t\u00e4rke\u00e4\u00e4 huolehtia purkuj\u00e4tteen asianmukaisesta k\u00e4sittelyst\u00e4. <\/h3>\n\n\n\n<p class=\"has-text-align-center\">Monet rakenteet sis\u00e4lt\u00e4v\u00e4t haitallisia aineita, kuten asbestia ja lyijy\u00e4, jotka on k\u00e4sitelt\u00e4v\u00e4 huolellisesti ja h\u00e4vitett\u00e4v\u00e4 asianmukaisesti.<\/p>\n\n\n\n<p class=\"has-text-align-center\">Kokonaisuudessaan purkuty\u00f6t ovat t\u00e4rke\u00e4 osa rakennusprojektia, ja niiden onnistunut suorittaminen voi olla avain uusien rakenteiden rakentamiseen. Purkut\u00f6iss\u00e4 on t\u00e4rke\u00e4\u00e4 noudattaa huolellista suunnittelua ja valmistelua sek\u00e4 tiukkoja turvallisuusm\u00e4\u00e4r\u00e4yksi\u00e4, jotta ty\u00f6 voidaan suorittaa turvallisesti ja tehokkaasti.<\/p>\n\n\n\n<p class=\"has-text-align-center\">Purkuty\u00f6n suunnittelu- ja valmistavat ty\u00f6t l\u00e4htev\u00e4t k\u00e4yntiin yleens\u00e4 aina asbesti- ja haitta-aine kartoituksella, jonka perusteella voidaan purettavaa projektia arvioida tarkemmin. T\u00e4m\u00e4n j\u00e4lkeen voidaan tehd\u00e4 purkukartoitus tai purkukartoitus valmistuu Asbesti-ja haitta-aine kartoituksen mukana. Samalla varmistetaan erikoist\u00f6in\u00e4 suoritettavien asbestipurkujen m\u00e4\u00e4r\u00e4. Asbestin purkaminen on aina luvanvaraista ja meid\u00e4n tapauksessa Asbestin purkamisen suorittaa aliurakoitsija.  <\/p>\n\n\n\n<p class=\"has-text-align-center\">Ennen t\u00f6iden aloitusta tehd\u00e4\u00e4n ty\u00f6n laajuudesta riippuen viel\u00e4 ty\u00f6suunnitelma ja hankitaan tai varmistetaan tarvittavat luvat ja kantavien rakenteiden vaikutus ja sijainti purkuty\u00f6h\u00f6n (joko taloyhti\u00f6lt\u00e4, kiinteist\u00f6n omistajalta tai kokonaisen rakennuksen purkamisen osalta rakennusvalvonnasta haetaan purkulupa). <\/p>\n\n\n\n<p class=\"has-text-align-center\">Ennen purkujen aloittamista varmistetaan my\u00f6s mm. alueen turvallisuus, kiinteist\u00f6tekniikka, Kiinteist\u00f6n p\u00e4\u00e4vesisulun sijainti ja kiinteist\u00f6n ryhm\u00e4- tai p\u00e4\u00e4keskuksen sijainti ja sis\u00e4tilojen purussa asiallinen p\u00f6lynsuojaus. <\/p>\n\n\n\n<p class=\"has-text-align-center\">Ty\u00f6t suoritetaan asiakkaan toiveiden mukaisesti oli sitten kyseess\u00e4 koko rakennuksen purkaminen tai pienempi sis\u00e4tilojen purkaminen. Samalla huolehditaan asiaankuuluvasta materiaalien mahdollisesta uusiok\u00e4yt\u00f6st\u00e4, kierr\u00e4tyksest\u00e4 ja kaatopaikkaj\u00e4tteest\u00e4.<\/p>\n\n\n\n<p class=\"has-text-align-center\">Olemme alueellinen toimija.<strong> Toimialueemme on rajattu: Siuntio, Lohja, Kirkkonummi ja Espoo.<\/strong> <\/p>\n\n\n\n<h3 class=\"wp-block-heading has-text-align-center\">Purku-urakoissa keskitymme sis\u00e4tilojen purkamiseen ja maksimissaan omakotitalon kokoisten rakennusten purkamiseen. <\/h3>\n\n\n\n<p class=\"has-text-align-center\">Vastaamme purku projektista kokonaisvaltaisesti ja isommissa urakoissa k\u00e4yt\u00e4mme tuttuja yhteisty\u00f6kumppaneita aliurakoitsijana. Meid\u00e4n kautta l\u00f6ytyy tarvittava kalusto kaivinkoneista ja kuorma-autoista projektin niit\u00e4 vaatiessa.<\/p>\n\n\n\n<div class=\"wp-block-buttons is-content-justification-center is-layout-flex wp-container-core-buttons-is-layout-16018d1d wp-block-buttons-is-layout-flex\">\n<div class=\"wp-block-button\"><a class=\"wp-block-button__link wp-element-button\" href=\"https:\/\/maatilasiuntiossa.fi\/?page_id=23\">Tilaa tarjous purkut\u00f6ist\u00e4<\/a><\/div>\n<\/div>\n\n\n\n<p class=\"has-text-align-center\">Tarkemmin yhti\u00f6st\u00e4mme ja meid\u00e4n tavastamme toimia l\u00f6yd\u00e4t tutustumalla tarkemmin verkkosivuihimme. <a href=\"https:\/\/maatilasiuntiossa.fi\/?page_id=475\" data-type=\"page\" data-id=\"475\">Rakennus- ja saneerauspalvelut<\/a> ovat osa oheispalvelujamme.<\/p>\n","protected":false},"excerpt":{"rendered":"<p>Toteutamme kokonaisvaltaisia purku-urakoita sis\u00e4ll\u00e4 ja ulkona Purkuty\u00f6t ovat prosessi, joka sis\u00e4lt\u00e4\u00e4 rakenteiden tai rakennusten purkamisen, jotta uusia rakenteita voidaan rakentaa tai tilaa voidaan k\u00e4ytt\u00e4\u00e4 uudelleen. Purkuty\u00f6t voivat olla suuria ja monimutkaisia projekteja, ja ne vaativat huolellista suunnittelua ja toteutusta, jotta ne voidaan suorittaa turvallisesti ja tehokkaasti. Purkuty\u00f6t voivat k\u00e4sitt\u00e4\u00e4 kaiken, rakennuksen purkamisesta maanpinnan tasolle tai vain tietyn osan poistamisesta. T\u00e4m\u00e4 voi sis\u00e4lt\u00e4\u00e4 esimerkiksi seinien, katon, lattian ja pylv\u00e4iden purkamisen. Rakenteiden purkaminen voi olla tarpeen, jos rakennus on turvallisuusriski, rakennus on vanhentunut tai uusien rakenteiden rakentaminen vaatii tilan vapauttamista. Ennen purkuty\u00f6n aloittamista on t\u00e4rke\u00e4\u00e4 suunnitella ja valmistella ty\u00f6 huolellisesti. Purkut\u00f6iden suunnittelussa on otettava huomioon monet tekij\u00e4t, kuten rakennuksen rakenne, sen kunto ja ymp\u00e4r\u00f6iv\u00e4n alueen turvallisuus. Purkuty\u00f6ss\u00e4 on my\u00f6s noudatettava tiukkoja turvallisuusm\u00e4\u00e4r\u00e4yksi\u00e4 ja k\u00e4ytett\u00e4v\u00e4 asianmukaisia ty\u00f6kaluja ja varusteita. Purkuty\u00f6n j\u00e4lkeen on t\u00e4rke\u00e4\u00e4 huolehtia purkuj\u00e4tteen asianmukaisesta k\u00e4sittelyst\u00e4. Monet rakenteet sis\u00e4lt\u00e4v\u00e4t haitallisia aineita, kuten asbestia ja lyijy\u00e4, jotka on k\u00e4sitelt\u00e4v\u00e4 huolellisesti ja h\u00e4vitett\u00e4v\u00e4 asianmukaisesti.&hellip;<\/p>\n<p> <a class=\"more-link\" href=\"https:\/\/maatilasiuntiossa.fi\/?page_id=743\">Read more<\/a><\/p>\n","protected":false},"author":1,"featured_media":0,"parent":0,"menu_order":0,"comment_status":"closed","ping_status":"closed","template":"","meta":{"footnotes":""},"class_list":["post-743","page","type-page","status-publish"],"_links":{"self":[{"href":"https:\/\/maatilasiuntiossa.fi\/index.php?rest_route=\/wp\/v2\/pages\/743","targetHints":{"allow":["GET"]}}],"collection":[{"href":"https:\/\/maatilasiuntiossa.fi\/index.php?rest_route=\/wp\/v2\/pages"}],"about":[{"href":"https:\/\/maatilasiuntiossa.fi\/index.php?rest_route=\/wp\/v2\/types\/page"}],"author":[{"embeddable":true,"href":"https:\/\/maatilasiuntiossa.fi\/index.php?rest_route=\/wp\/v2\/users\/1"}],"replies":[{"embeddable":true,"href":"https:\/\/maatilasiuntiossa.fi\/index.php?rest_route=%2Fwp%2Fv2%2Fcomments&post=743"}],"version-history":[{"count":2,"href":"https:\/\/maatilasiuntiossa.fi\/index.php?rest_route=\/wp\/v2\/pages\/743\/revisions"}],"predecessor-version":[{"id":1132,"href":"https:\/\/maatilasiuntiossa.fi\/index.php?rest_route=\/wp\/v2\/pages\/743\/revisions\/1132"}],"wp:attachment":[{"href":"https:\/\/maatilasiuntiossa.fi\/index.php?rest_route=%2Fwp%2Fv2%2Fmedia&parent=743"}],"curies":[{"name":"wp","href":"https:\/\/api.w.org\/{rel}","templated":true}]}}