{"id":462,"date":"2023-04-02T13:10:24","date_gmt":"2023-04-02T13:10:24","guid":{"rendered":"https:\/\/maatilasiuntiossa.fi\/?page_id=462"},"modified":"2024-11-22T13:57:15","modified_gmt":"2024-11-22T13:57:15","slug":"piha-ja-huoltopalvelut","status":"publish","type":"page","link":"https:\/\/maatilasiuntiossa.fi\/?page_id=462","title":{"rendered":"Piha-ja Huolto"},"content":{"rendered":"\n<h2 class=\"wp-block-heading has-text-align-center\">Apuvoimia piha- ja huoltot\u00f6ihin l\u00e4pi vuoden<\/h2>\n\n\n\n<p class=\"has-text-align-center has-medium-font-size\">Olet saattanut t\u00f6rm\u00e4t\u00e4 juoksulenkill\u00e4 toimittamaamme mainoslehtiseen. Hoidetaan piha- puutarha, ja huoltoty\u00f6t erillisen sopimuksen mukaisesti, joko kuukausihinnoittelulla (kes\u00e4m\u00f6kit, taloyhti\u00f6t) tai tuntit\u00f6in\u00e4 (omakotitalot). Nurmikon leikkaukset, kunnostukset, istutukset. Ei ty\u00f6t\u00e4 liian pient\u00e4 etteik\u00f6 ty\u00f6t kiinnostaisi. Yksityisasiakkaille kaikki tekem\u00e4mme ty\u00f6 on <strong>kotitalousv\u00e4hennyskelpoista.<\/strong> Tuet samalla paikallista ty\u00f6voimaa. Maatilan laaja kalusto hy\u00f6tyk\u00e4yt\u00f6ss\u00e4 l\u00e4pi vuoden. <\/p>\n\n\n\n<p class=\"has-text-align-center has-medium-font-size\"><a href=\"https:\/\/maatilasiuntiossa.fi\/?page_id=615\" data-type=\"URL\" data-id=\"https:\/\/maatilasiuntiossa.fi\/?page_id=615\">Tutustu kev\u00e4\u00e4n pihat\u00f6ihin<\/a><\/p>\n\n\n\n<div class=\"wp-block-buttons is-content-justification-center is-layout-flex wp-container-core-buttons-is-layout-16018d1d wp-block-buttons-is-layout-flex\">\n<div class=\"wp-block-button\"><a class=\"wp-block-button__link wp-element-button\" href=\"https:\/\/maatilasiuntiossa.fi\/?page_id=23\">Tilaa ilmainen pihan ja puutarhan huoltokartoitus<\/a><\/div>\n<\/div>\n\n\n\n<p class=\"has-text-align-center\">Pihan ja puutarhan huoltokartoitus on t\u00e4rke\u00e4 ty\u00f6kalu, jonka avulla voidaan selvitt\u00e4\u00e4 pihan ja puutarhan nykytila sek\u00e4 tarvittavat toimenpiteet sen yll\u00e4pit\u00e4miseksi. <a href=\"https:\/\/maatilasiuntiossa.fi\/?page_id=623\" data-type=\"URL\" data-id=\"https:\/\/maatilasiuntiossa.fi\/?page_id=623\">Lue lis\u00e4\u00e4<\/a><\/p>\n\n\n\n<h2 class=\"wp-block-heading has-text-align-center\">Laaja valinnanvapaus toimenpiteist\u00e4 kerta- tai kuukausilaskutuksella<\/h2>\n\n\n\n<p class=\"has-text-align-center\">Hoidetaan oksat, puut, kuusiaidan leikkaukset, raivausty\u00f6t. Karsitaan, leikataan ja haketetaan oksat. Kaadetaan puut, pilkotaan, tarvittaessa pois kuljetetaan. Raivataan ja siistit\u00e4\u00e4n tontit ja pensaat. Pest\u00e4\u00e4n pihakivetykset ja poltetaan ruohot kivetysten v\u00e4list\u00e4. Siistit\u00e4\u00e4n pihat kaatopaikkaj\u00e4tteest\u00e4 ja kuljetetaan kaatopaikalle.<\/p>\n\n\n\n<div class=\"alignnormal\"><div id=\"metaslider-id-1142\" style=\"width: 100%;\" class=\"ml-slider-3-107-0 metaslider metaslider-flex metaslider-1142 ml-slider has-dots-nav ms-theme-default-base\" role=\"region\" aria-label=\"Piha-ja huoltoty\u00f6t\" data-height=\"300\" data-width=\"700\">\n    <div id=\"metaslider_container_1142\">\n        <div id=\"metaslider_1142\">\n            <ul class='slides'>\n                <li style=\"display: block; width: 100%;\" class=\"slide-1143 ms-image \" aria-roledescription=\"slide\" data-date=\"2024-11-22 13:52:56\" data-filename=\"717f7938-05d0-4cf5-af31-0552c3180231-360x154.jpg\" data-slide-type=\"image\"><img loading=\"lazy\" decoding=\"async\" src=\"https:\/\/maatilasiuntiossa.fi\/wp-content\/uploads\/2024\/11\/717f7938-05d0-4cf5-af31-0552c3180231-360x154.jpg\" height=\"300\" width=\"700\" alt=\"Puunkaato, Stihl , metsuri, metsurity\u00f6, metsurity\u00f6t, kaatokiilat, Siuntio, Kirkkonummi, Lohja, Espoo, Inkoo\" class=\"slider-1142 slide-1143 msDefaultImage\" title=\"Puunkaato\" \/><div class=\"caption-wrap\"><div class=\"caption\">Pihapuiden kaato<\/div><\/div><\/li>\n                <li style=\"display: none; width: 100%;\" class=\"slide-1144 ms-image \" aria-roledescription=\"slide\" data-date=\"2024-11-22 13:53:27\" data-filename=\"IMG_1497-rotated-640x274.jpg\" data-slide-type=\"image\"><img loading=\"lazy\" decoding=\"async\" src=\"https:\/\/maatilasiuntiossa.fi\/wp-content\/uploads\/2024\/11\/IMG_1497-rotated-640x274.jpg\" height=\"300\" width=\"700\" alt=\"Raivaussahaty\u00f6t, raivaussahavuokraus, stihl vuokraus, stihl 460, stihl 490, mets\u00e4nhoito, mets\u00e4nhoitopalvelut, metsuri, Siuntio, Inkoo, Kirkkonummi, Lohja, Espoo\" class=\"slider-1142 slide-1144 msDefaultImage\" title=\"Pihan ja tonttien raivausty\u00f6t\" \/><div class=\"caption-wrap\"><div class=\"caption\">Raivaussahat valmiina<\/div><\/div><\/li>\n                <li style=\"display: none; width: 100%;\" class=\"slide-1145 ms-image \" aria-roledescription=\"slide\" data-date=\"2024-11-22 13:54:01\" data-filename=\"93d8b93b-dfc4-4671-8d47-a81905ba7de4-640x274.jpg\" data-slide-type=\"image\"><img loading=\"lazy\" decoding=\"async\" src=\"https:\/\/maatilasiuntiossa.fi\/wp-content\/uploads\/2024\/11\/93d8b93b-dfc4-4671-8d47-a81905ba7de4-640x274.jpg\" height=\"300\" width=\"700\" alt=\"Polttopuiden valmistus, klapikoneen vuokraus, klapikoneen kuljetus, pientraktorin vuokraus, trukkipiikit, sorakauha\" class=\"slider-1142 slide-1145 msDefaultImage\" title=\"Polttopuiden teko\" \/><div class=\"caption-wrap\"><div class=\"caption\">Polttopuiden teko asiakkaalle<\/div><\/div><\/li>\n                <li style=\"display: none; width: 100%;\" class=\"slide-1146 ms-image \" aria-roledescription=\"slide\" data-date=\"2024-11-22 13:54:36\" data-filename=\"IMG_6547-rotated-480x205.jpg\" data-slide-type=\"image\"><img loading=\"lazy\" decoding=\"async\" src=\"https:\/\/maatilasiuntiossa.fi\/wp-content\/uploads\/2024\/11\/IMG_6547-rotated-480x205.jpg\" height=\"300\" width=\"700\" alt=\"Pihakivetyksen puhdistus, pihakivetyksen painepesu\" class=\"slider-1142 slide-1146 msDefaultImage\" title=\"Pihakivien painepesu\" \/><div class=\"caption-wrap\"><div class=\"caption\"><div>Pihakivetysten painepesut<\/div><\/div><\/div><\/li>\n                <li style=\"display: none; width: 100%;\" class=\"slide-1147 ms-image \" aria-roledescription=\"slide\" data-date=\"2024-11-22 13:55:00\" data-filename=\"IMG_6550-rotated-480x205.jpg\" data-slide-type=\"image\"><img loading=\"lazy\" decoding=\"async\" src=\"https:\/\/maatilasiuntiossa.fi\/wp-content\/uploads\/2024\/11\/IMG_6550-rotated-480x205.jpg\" height=\"300\" width=\"700\" alt=\"R\u00e4nnien puhdistus, r\u00e4nnien korjaus, Siuntio, Kirkkonummi, Espoo, Lohja, Inkoo\" class=\"slider-1142 slide-1147 msDefaultImage\" title=\"R\u00e4nnien puhdistus\" \/><div class=\"caption-wrap\"><div class=\"caption\"><div>R\u00e4nnien puhdistusty\u00f6t<\/div><\/div><\/div><\/li>\n                <li style=\"display: none; width: 100%;\" class=\"slide-1149 ms-image \" aria-roledescription=\"slide\" data-date=\"2024-11-22 13:55:39\" data-filename=\"IMG_3990-rotated-480x205.jpg\" data-slide-type=\"image\"><img loading=\"lazy\" decoding=\"async\" src=\"https:\/\/maatilasiuntiossa.fi\/wp-content\/uploads\/2024\/11\/IMG_3990-rotated-480x205.jpg\" height=\"300\" width=\"700\" alt=\"Oksien ja risujen haketus, oksahakettimen vuokraus, hakettimen vuokraus ja kuljetus, Siuntio, Inkoo, Kirkkonummi, Espoo, Lohja\" class=\"slider-1142 slide-1149 msDefaultImage\" title=\"Haketin\" \/><div class=\"caption-wrap\"><div class=\"caption\"><div>Oksien ja risujen haketukset omakotitalo ja taloyhti\u00f6 asiakkaille<\/div><\/div><\/div><\/li>\n                <li style=\"display: none; width: 100%;\" class=\"slide-1151 ms-image \" aria-roledescription=\"slide\" data-date=\"2024-11-22 13:59:17\" data-filename=\"IMG_5261-rotated-480x205.jpg\" data-slide-type=\"image\"><img loading=\"lazy\" decoding=\"async\" src=\"https:\/\/maatilasiuntiossa.fi\/wp-content\/uploads\/2024\/11\/IMG_5261-rotated-480x205.jpg\" height=\"300\" width=\"700\" alt=\"Kattohuolto, Peltikaton painepesu, Siuntio, Kirkkonummi, Espoo, Lohja, Inkoo\" class=\"slider-1142 slide-1151 msDefaultImage\" title=\"Kattojen pesut ja maalaukset\" \/><div class=\"caption-wrap\"><div class=\"caption\"><div>Kattojen pesut ja maalaukset<\/div><\/div><\/div><\/li>\n                <li style=\"display: none; width: 100%;\" class=\"slide-1152 ms-image \" aria-roledescription=\"slide\" data-date=\"2024-11-22 14:00:46\" data-filename=\"IMG_6727-rotated-480x205.jpg\" data-slide-type=\"image\"><img loading=\"lazy\" decoding=\"async\" src=\"https:\/\/maatilasiuntiossa.fi\/wp-content\/uploads\/2024\/11\/IMG_6727-rotated-480x205.jpg\" height=\"300\" width=\"700\" alt=\"Tuija-aidan istutus, maaty\u00f6t, viherrakentaminen, nurmikon kasvattaminen, pintamaan kuorinta\" class=\"slider-1142 slide-1152 msDefaultImage\" title=\"Tuija- ja kuusiaitojen istutukset\" \/><div class=\"caption-wrap\"><div class=\"caption\"><div>Tuija- ja kuusiaitojen istutukset<\/div><\/div><\/div><\/li>\n                <li style=\"display: none; width: 100%;\" class=\"slide-1153 ms-image \" aria-roledescription=\"slide\" data-date=\"2024-11-22 14:01:22\" data-filename=\"IMG_6601-rotated-480x205.jpg\" data-slide-type=\"image\"><img loading=\"lazy\" decoding=\"async\" src=\"https:\/\/maatilasiuntiossa.fi\/wp-content\/uploads\/2024\/11\/IMG_6601-rotated-480x205.jpg\" height=\"300\" width=\"700\" alt=\"Nurmikon rakentaminen, viherrakentaminen, puutarhaty\u00f6t, Siuntio, Kirkkonummi, Espoo, Lohja, Inkoo\" class=\"slider-1142 slide-1153 msDefaultImage\" title=\"Uuden nurmikon istutukset\" \/><div class=\"caption-wrap\"><div class=\"caption\"><div>Uuden nurmikon pohjaty\u00f6t, kylv\u00f6 ja jyr\u00e4ysty\u00f6t<\/div><\/div><\/div><\/li>\n            <\/ul>\n        <\/div>\n        \n    <\/div>\n<\/div><\/div>\n\n\n\n<div class=\"wp-block-columns is-layout-flex wp-container-core-columns-is-layout-9d6595d7 wp-block-columns-is-layout-flex\">\n<div class=\"wp-block-column is-layout-flow wp-block-column-is-layout-flow\">\n<h3 class=\"wp-block-heading has-text-align-center\">Lumity\u00f6t<\/h3>\n\n\n\n<p class=\"has-text-align-center\">Toteutamme tarpeen mukaan tai jatkuvalla sopimuksella. Lumet luodaan kohteesta riippuen joko perinteisesti tai m\u00f6nkij\u00e4ll\u00e4<\/p>\n<\/div>\n\n\n\n<div class=\"wp-block-column is-layout-flow wp-block-column-is-layout-flow\">\n<h3 class=\"wp-block-heading has-text-align-center\">Lumenpudotukset<\/h3>\n\n\n\n<p class=\"has-text-align-center\">Hoidamme lumenpudotukset jyrkemmilt\u00e4kin katoilta. Meill\u00e4 on asiaankuuluvat valjaat k\u00e4yt\u00f6ss\u00e4.<\/p>\n<\/div>\n\n\n\n<div class=\"wp-block-column is-layout-flow wp-block-column-is-layout-flow\">\n<h3 class=\"wp-block-heading has-text-align-center\">R\u00e4nnien puhdistus<\/h3>\n\n\n\n<p class=\"has-text-align-center\">Tyhj\u00e4\u00e4mme r\u00e4nnit ja puhdistamme ne tarvittaessa my\u00f6s ulkopuolelta. &nbsp;<\/p>\n<\/div>\n<\/div>\n\n\n\n<div class=\"wp-block-columns is-layout-flex wp-container-core-columns-is-layout-9d6595d7 wp-block-columns-is-layout-flex\">\n<div class=\"wp-block-column is-layout-flow wp-block-column-is-layout-flow\">\n<h3 class=\"wp-block-heading has-text-align-center\">Haravointi<\/h3>\n\n\n\n<p class=\"has-text-align-center\">Kohteesta ja toiveista riippuen haravalla tai lehtipuhaltimella. Viemme halutessasi lehdet pois.<\/p>\n<\/div>\n\n\n\n<div class=\"wp-block-column is-layout-flow wp-block-column-is-layout-flow\">\n<h3 class=\"wp-block-heading has-text-align-center\">Tarkastukset<\/h3>\n\n\n\n<p class=\"has-text-align-center\">Tarkistetaan tyhjill\u00e4\u00e4n olevat kiinteist\u00f6t s\u00e4\u00e4nn\u00f6llisesti. Esim. myrskytuhojen varalta.  teemme tarvittaessa tarvittavat ty\u00f6t.<\/p>\n<\/div>\n\n\n\n<div class=\"wp-block-column is-layout-flow wp-block-column-is-layout-flow\">\n<h3 class=\"wp-block-heading has-text-align-center\">Nurmikko<\/h3>\n\n\n\n<p class=\"has-text-align-center\">Nurmikot kiinteist\u00f6n omalla ruohonleikkurilla tai tuomme oman niin sovittaessa. Trimmaukset, Kalkitus, lannoitus, ilmaus.<\/p>\n<\/div>\n<\/div>\n\n\n\n<h3 class=\"wp-block-heading has-text-align-center\">Kuusiaidan leikkaus<\/h3>\n\n\n\n<p class=\"has-text-align-center\">Kuusiaidan leikkaus kannattaa suorittaa ennen kuin silmut l\u00e4htev\u00e4t kasvuun, eli aikaisin kev\u00e4\u00e4ll\u00e4, tai my\u00f6h\u00e4\u00e4n syksyll\u00e4. Leikkaus on hyv\u00e4 tehd\u00e4 suojas\u00e4\u00e4ll\u00e4, kun oksat eiv\u00e4t ole j\u00e4\u00e4ss\u00e4. Kuusiaidan leikkausohjeet l\u00f6yd\u00e4t <a href=\"https:\/\/maatilasiuntiossa.fi\/?p=737\" data-type=\"post\" data-id=\"737\">t\u00e4\u00e4lt\u00e4<\/a><\/p>\n\n\n\n<h3 class=\"wp-block-heading has-text-align-center\">Remontti- ja korjausty\u00f6t<\/h3>\n\n\n\n<p class=\"has-text-align-center\">Kiinteist\u00f6t vaativat lis\u00e4ksi s\u00e4\u00e4nn\u00f6llist\u00e4 huoltoa ja korjauksia. Ehdotamme tarvittaessa toimenpiteit\u00e4 teht\u00e4v\u00e4ksi. <a href=\"https:\/\/maatilasiuntiossa.fi\/?page_id=475\" data-type=\"page\" data-id=\"475\">Remontti-ja korjaust\u00f6ist\u00e4<\/a> on pitk\u00e4 kokemus ja tarvittaessa on k\u00e4ytett\u00e4viss\u00e4 1-8 henkil\u00f6ty\u00f6vuotta laajempiin projekteihin.<\/p>\n\n\n\n<h3 class=\"wp-block-heading has-text-align-center\">Saunat, paljut, m\u00f6kit l\u00e4mpim\u00e4ksi<\/h3>\n\n\n\n<p class=\"has-text-align-center\">Jos olet tulossa L\u00e4nsi-Uusimaalle kauempaa ja toivoisit saunan, paljun tai m\u00f6kin l\u00e4mpim\u00e4ksi jo etuk\u00e4teen, niin t\u00e4m\u00e4kin meilt\u00e4 onnistuu. Kannamme my\u00f6s polttopuut tarvittaessa helposti saataville.<\/p>\n\n\n\n<h3 class=\"wp-block-heading has-text-align-center\">Avainpalvelu\/kulunvalvonta, avainten luovutukset, noudot ja loppusiivoukset<\/h3>\n\n\n\n<p class=\"has-text-align-center\">Jos toimintaasi kuuluu m\u00f6kin tai kiinteist\u00f6n vuokraus ulkopuolisille, niin voimme toimia operaattorina ja yhteyshenkil\u00f6n\u00e4 sinun ja vuokralaisen v\u00e4lill\u00e4 ja j\u00e4rjest\u00e4\u00e4 k\u00e4yt\u00e4nn\u00f6n toimenpiteet ja toimia yll\u00e4tt\u00e4viss\u00e4 tilanteissa auttavana k\u00e4ten\u00e4 vuokralaiselle. <\/p>\n\n\n\n<h3 class=\"wp-block-heading has-text-align-center\">Muut sovittavat ty\u00f6t<\/h3>\n\n\n\n<p class=\"has-text-align-center\">Sovitaan muista t\u00f6ist\u00e4 miss\u00e4 voisimme olla avuksi. S\u00e4hk\u00f6- ja lvi-ty\u00f6t l\u00f6ytyv\u00e4t yhteisty\u00f6kumppaneilta. Paikallinen ty\u00f6- ja yhteisty\u00f6verkosto k\u00e4ytett\u00e4viss\u00e4. <\/p>\n\n\n\n<div class=\"wp-block-buttons is-layout-flex wp-block-buttons-is-layout-flex\">\n<div class=\"wp-block-button aligncenter\"><a class=\"wp-block-button__link wp-element-button\" href=\"https:\/\/maatilasiuntiossa.fi\/?page_id=23\">Tilaa palveluita<\/a><\/div>\n<\/div>\n","protected":false},"excerpt":{"rendered":"<p>Apuvoimia piha- ja huoltot\u00f6ihin l\u00e4pi vuoden Olet saattanut t\u00f6rm\u00e4t\u00e4 juoksulenkill\u00e4 toimittamaamme mainoslehtiseen. Hoidetaan piha- puutarha, ja huoltoty\u00f6t erillisen sopimuksen mukaisesti, joko kuukausihinnoittelulla (kes\u00e4m\u00f6kit, taloyhti\u00f6t) tai tuntit\u00f6in\u00e4 (omakotitalot). Nurmikon leikkaukset, kunnostukset, istutukset. Ei ty\u00f6t\u00e4 liian pient\u00e4 etteik\u00f6 ty\u00f6t kiinnostaisi. Yksityisasiakkaille kaikki tekem\u00e4mme ty\u00f6 on kotitalousv\u00e4hennyskelpoista. Tuet samalla paikallista ty\u00f6voimaa. Maatilan laaja kalusto hy\u00f6tyk\u00e4yt\u00f6ss\u00e4 l\u00e4pi vuoden. Tutustu kev\u00e4\u00e4n pihat\u00f6ihin Pihan ja puutarhan huoltokartoitus on t\u00e4rke\u00e4 ty\u00f6kalu, jonka avulla voidaan selvitt\u00e4\u00e4 pihan ja puutarhan nykytila sek\u00e4 tarvittavat toimenpiteet sen yll\u00e4pit\u00e4miseksi. Lue lis\u00e4\u00e4 Laaja valinnanvapaus toimenpiteist\u00e4 kerta- tai kuukausilaskutuksella Hoidetaan oksat, puut, kuusiaidan leikkaukset, raivausty\u00f6t. Karsitaan, leikataan ja haketetaan oksat. Kaadetaan puut, pilkotaan, tarvittaessa pois kuljetetaan. Raivataan ja siistit\u00e4\u00e4n tontit ja pensaat. Pest\u00e4\u00e4n pihakivetykset ja poltetaan ruohot kivetysten v\u00e4list\u00e4. Siistit\u00e4\u00e4n pihat kaatopaikkaj\u00e4tteest\u00e4 ja kuljetetaan kaatopaikalle. Lumity\u00f6t Toteutamme tarpeen mukaan tai jatkuvalla sopimuksella. Lumet luodaan kohteesta riippuen joko perinteisesti tai m\u00f6nkij\u00e4ll\u00e4 Lumenpudotukset Hoidamme lumenpudotukset jyrkemmilt\u00e4kin katoilta. Meill\u00e4 on asiaankuuluvat valjaat k\u00e4yt\u00f6ss\u00e4. R\u00e4nnien puhdistus Tyhj\u00e4\u00e4mme r\u00e4nnit&hellip;<\/p>\n<p> <a class=\"more-link\" href=\"https:\/\/maatilasiuntiossa.fi\/?page_id=462\">Read more<\/a><\/p>\n","protected":false},"author":1,"featured_media":0,"parent":0,"menu_order":0,"comment_status":"closed","ping_status":"closed","template":"","meta":{"footnotes":""},"class_list":["post-462","page","type-page","status-publish"],"_links":{"self":[{"href":"https:\/\/maatilasiuntiossa.fi\/index.php?rest_route=\/wp\/v2\/pages\/462","targetHints":{"allow":["GET"]}}],"collection":[{"href":"https:\/\/maatilasiuntiossa.fi\/index.php?rest_route=\/wp\/v2\/pages"}],"about":[{"href":"https:\/\/maatilasiuntiossa.fi\/index.php?rest_route=\/wp\/v2\/types\/page"}],"author":[{"embeddable":true,"href":"https:\/\/maatilasiuntiossa.fi\/index.php?rest_route=\/wp\/v2\/users\/1"}],"replies":[{"embeddable":true,"href":"https:\/\/maatilasiuntiossa.fi\/index.php?rest_route=%2Fwp%2Fv2%2Fcomments&post=462"}],"version-history":[{"count":22,"href":"https:\/\/maatilasiuntiossa.fi\/index.php?rest_route=\/wp\/v2\/pages\/462\/revisions"}],"predecessor-version":[{"id":1150,"href":"https:\/\/maatilasiuntiossa.fi\/index.php?rest_route=\/wp\/v2\/pages\/462\/revisions\/1150"}],"wp:attachment":[{"href":"https:\/\/maatilasiuntiossa.fi\/index.php?rest_route=%2Fwp%2Fv2%2Fmedia&parent=462"}],"curies":[{"name":"wp","href":"https:\/\/api.w.org\/{rel}","templated":true}]}}