{"id":435,"date":"2023-04-02T10:56:53","date_gmt":"2023-04-02T10:56:53","guid":{"rendered":"https:\/\/maatilasiuntiossa.fi\/?page_id=435"},"modified":"2023-04-02T18:17:17","modified_gmt":"2023-04-02T18:17:17","slug":"etusivu","status":"publish","type":"page","link":"https:\/\/maatilasiuntiossa.fi\/?page_id=435","title":{"rendered":"Toimintafilosofia"},"content":{"rendered":"\n<h3 class=\"has-text-align-center wp-block-heading\">Yrityksen toimintafilosofia<\/h3>\n\n\n\n<p class=\"has-text-align-center\"><em>Yrityksemme ja oheispalveluidemme tarina on vasta alussa, mutta kaikki alkaa aina jostain. Yritysideamme l\u00e4hti liikkeelle tarpeesta ratkaista 4 keskeist\u00e4 haastetta. Maaseudun pirstaloitunut palvelutarjonta ja l\u00f6ydett\u00e4vyys, maaseudulla vajaak\u00e4yt\u00f6ll\u00e4 olevat kiinteist\u00f6t, maaseudun elinvoimaisuus ja mielek\u00e4s ymp\u00e4rivuotinen ty\u00f6 johon voit itse vaikuttaa. Ratkaisut n\u00e4ihin haasteisiin l\u00f6ysimme uudenlaisesta liiketoimintakonseptistamme, joka mahdollistaa maalla asumisen ja maatilalla tekemiemme t\u00f6iden tarjonnan my\u00f6s maatilamme ulkopuolelle. Ajattelemme, ett\u00e4 maaseudun kautta toimivalla asiakasl\u00e4ht\u00f6isell\u00e4, yksityishenkil\u00f6it\u00e4 ja yhteis\u00f6j\u00e4 yhdist\u00e4v\u00e4ll\u00e4 yritystoiminnalla on selkeit\u00e4 etuja. N\u00e4ist\u00e4 keskeisimm\u00e4t ovat meid\u00e4n mielest\u00e4mme toimintamallin ja palvelujen korostunut luotettavuus ja vastuunkanto. \u00a0\u00a0\u00a0<\/em><\/p>\n\n\n\n<blockquote class=\"wp-block-quote is-layout-flow wp-block-quote-is-layout-flow\"><p><em>Maatalous, tarkemmin marjatalous on toimintamme pysyv\u00e4 kivijalka, mutta se ty\u00f6llist\u00e4\u00e4 meit\u00e4 eniten vain osan vuodesta. P\u00e4\u00e4s\u00e4\u00e4nt\u00f6isesti ty\u00f6llist\u00e4vin vaikutus on touko- ja elokuussa. Muina aikoina kasvatamme oheispalveluitamme, jotka ovat juuri niit\u00e4 t\u00f6it\u00e4 mit\u00e4 olemme tottuneet tekem\u00e4\u00e4n muutenkin vuosittain maatilallamme ja josta meille on kertynyt vankka kokemus maatilan, ty\u00f6historian ja opintojen kautta. <\/em><\/p><\/blockquote>\n\n\n\n<p class=\"has-text-align-center\"><em>Maatalous vaatii luonnollisesti hyvin laajaa osaamista, suunnitelmallisuutta ja kalustoa, josta haluamme my\u00f6s muiden hy\u00f6tyv\u00e4n. Kalustommekin haluamme t\u00f6ihin l\u00e4pi vuoden. Oheispalvelumme haluamme kasvattaa kohtuulliseen mittakaavaan, jotta pystymme varmistumaan laadusta nyt ja aina.<\/em><\/p>\n\n\n\n<blockquote class=\"wp-block-quote is-layout-flow wp-block-quote-is-layout-flow\"><p><em>Visionamme on olla alueellisesti (Siuntio, Lohja, Kirkkonummi, Espoo) tunnettu toimija ja ty\u00f6llist\u00e4j\u00e4, jossa ty\u00f6skentelee hiljalleen kasvava joukko raittiista ulko-ilmasta nauttivia, ahkeria ty\u00f6ntekij\u00f6it\u00e4. Haluamme olla toimija, jonka kautta l\u00f6yd\u00e4t yhden katon alta kiinteist\u00f6nhuoltoon, mets\u00e4talouteen, ja pienrakentamiseen auttavat k\u00e4det. <\/em><\/p><\/blockquote>\n\n\n\n<p class=\"has-text-align-center\"><em>Samalla tuomme tilan omat marjatuotteet, niin halutessasi. Kaikki t\u00e4m\u00e4 yksinkertaisella ja selke\u00e4ll\u00e4 hinnoittelulla. Asiakasm\u00e4\u00e4rien kasvaessa pystymme lis\u00e4ksi ty\u00f6llist\u00e4m\u00e4\u00e4n lis\u00e4\u00e4 hyv\u00e4ksi todettuja paikallisia osaajia, mutta my\u00f6s muita ahkeria tekij\u00f6it\u00e4, jotka kaipaavat lis\u00e4t\u00f6it\u00e4. Samalla rakas maaseutumme ja m\u00f6kkiseutumme pysyy virke\u00e4n\u00e4 ja elinvoimaisena. \u00a0\u00a0\u00a0\u00a0\u00a0<\/em><\/p>\n\n\n\n<p class=\"has-text-align-center\"><em>Yrityksemme tukikohtana toimii maatilamme, joka mahdollistaa toiminnalle upeat ja vakaat puitteet ty\u00f6ntekoon, mutta my\u00f6s virkistymiseen ja majoittumiseen. Kaluston s\u00e4ilytt\u00e4miseen ja huoltoon omat tilat tuovat kustannuss\u00e4\u00e4st\u00f6\u00e4, joka n\u00e4kyy hinnoissamme.<\/em><\/p>\n\n\n\n<p class=\"has-text-align-center\"><em>Pitk\u00e4ll\u00e4 aikav\u00e4lill\u00e4 haluamme luoda maatilastamme rentouttavan el\u00e4myksen perustettavin puutarhoin, johon mielell\u00e4mme kutsumme ihmisi\u00e4 tutustumaan ja ker\u00e4\u00e4m\u00e4\u00e4n pakastimet t\u00e4yteen marjoja.<\/em><\/p>\n\n\n\n<blockquote class=\"wp-block-quote is-layout-flow wp-block-quote-is-layout-flow\"><p><em>Muihin hyviin toimijoihin n\u00e4hden meid\u00e4n kilpailuetuja ovat kiistattomasti palveluiden hyv\u00e4 kokonaisuus, paikallisuus, saavutettavuus ja sit\u00e4 kautta korostunut luotettavuus ja vastuunkanto. \u00a0\u00a0\u00a0\u00a0\u00a0\u00a0\u00a0\u00a0\u00a0<\/em><\/p><\/blockquote>\n","protected":false},"excerpt":{"rendered":"<p>Yrityksen toimintafilosofia Yrityksemme ja oheispalveluidemme tarina on vasta alussa, mutta kaikki alkaa aina jostain. Yritysideamme l\u00e4hti liikkeelle tarpeesta ratkaista 4 keskeist\u00e4 haastetta. Maaseudun pirstaloitunut palvelutarjonta ja l\u00f6ydett\u00e4vyys, maaseudulla vajaak\u00e4yt\u00f6ll\u00e4 olevat kiinteist\u00f6t, maaseudun elinvoimaisuus ja mielek\u00e4s ymp\u00e4rivuotinen ty\u00f6 johon voit itse vaikuttaa. Ratkaisut n\u00e4ihin haasteisiin l\u00f6ysimme uudenlaisesta liiketoimintakonseptistamme, joka mahdollistaa maalla asumisen ja maatilalla tekemiemme t\u00f6iden tarjonnan my\u00f6s maatilamme ulkopuolelle. Ajattelemme, ett\u00e4 maaseudun kautta toimivalla asiakasl\u00e4ht\u00f6isell\u00e4, yksityishenkil\u00f6it\u00e4 ja yhteis\u00f6j\u00e4 yhdist\u00e4v\u00e4ll\u00e4 yritystoiminnalla on selkeit\u00e4 etuja. N\u00e4ist\u00e4 keskeisimm\u00e4t ovat meid\u00e4n mielest\u00e4mme toimintamallin ja palvelujen korostunut luotettavuus ja vastuunkanto. \u00a0\u00a0\u00a0 Maatalous, tarkemmin marjatalous on toimintamme pysyv\u00e4 kivijalka, mutta se ty\u00f6llist\u00e4\u00e4 meit\u00e4 eniten vain osan vuodesta. P\u00e4\u00e4s\u00e4\u00e4nt\u00f6isesti ty\u00f6llist\u00e4vin vaikutus on touko- ja elokuussa. Muina aikoina kasvatamme oheispalveluitamme, jotka ovat juuri niit\u00e4 t\u00f6it\u00e4 mit\u00e4 olemme tottuneet tekem\u00e4\u00e4n muutenkin vuosittain maatilallamme ja josta meille on kertynyt vankka kokemus maatilan, ty\u00f6historian ja opintojen kautta. Maatalous vaatii luonnollisesti hyvin laajaa osaamista, suunnitelmallisuutta ja kalustoa, josta haluamme my\u00f6s muiden hy\u00f6tyv\u00e4n.&hellip;<\/p>\n<p> <a class=\"more-link\" href=\"https:\/\/maatilasiuntiossa.fi\/?page_id=435\">Read more<\/a><\/p>\n","protected":false},"author":1,"featured_media":0,"parent":0,"menu_order":0,"comment_status":"closed","ping_status":"closed","template":"","meta":{"footnotes":""},"class_list":["post-435","page","type-page","status-publish"],"_links":{"self":[{"href":"https:\/\/maatilasiuntiossa.fi\/index.php?rest_route=\/wp\/v2\/pages\/435","targetHints":{"allow":["GET"]}}],"collection":[{"href":"https:\/\/maatilasiuntiossa.fi\/index.php?rest_route=\/wp\/v2\/pages"}],"about":[{"href":"https:\/\/maatilasiuntiossa.fi\/index.php?rest_route=\/wp\/v2\/types\/page"}],"author":[{"embeddable":true,"href":"https:\/\/maatilasiuntiossa.fi\/index.php?rest_route=\/wp\/v2\/users\/1"}],"replies":[{"embeddable":true,"href":"https:\/\/maatilasiuntiossa.fi\/index.php?rest_route=%2Fwp%2Fv2%2Fcomments&post=435"}],"version-history":[{"count":5,"href":"https:\/\/maatilasiuntiossa.fi\/index.php?rest_route=\/wp\/v2\/pages\/435\/revisions"}],"predecessor-version":[{"id":542,"href":"https:\/\/maatilasiuntiossa.fi\/index.php?rest_route=\/wp\/v2\/pages\/435\/revisions\/542"}],"wp:attachment":[{"href":"https:\/\/maatilasiuntiossa.fi\/index.php?rest_route=%2Fwp%2Fv2%2Fmedia&parent=435"}],"curies":[{"name":"wp","href":"https:\/\/api.w.org\/{rel}","templated":true}]}}